 divided by 8?
4
Suppose -43 = -6*u + 59. What is the remainder when 61 is divided by u?
10
Let t(i) = -3*i**3 + i**2 - 3*i - 1. Let n(w) = -5*w**3 + 2*w**2 - 7*w - 2. Let c(r) = -4*n(r) + 9*t(r). Calculate the remainder when 21 is divided by c(-1).
3
Suppose 6 + 12 = 2*m. Calculate the remainder when m is divided by 6.
3
Suppose -x = 2*x - 144. Suppose -3*w + x = -w. Calculate the remainder when 93 is divided by w.
21
Suppose 8 = 3*b - 13. Let y(z) = 2*z**2 - 5*z - 2. Calculate the remainder when y(b) is divided by 16.
13
Suppose 2*g - 3*v - 3 = 0, -3*v - 5 + 20 = 0. Let a be (-2)/8 + g/4. Suppose l + 3 = a*l. What is the remainder when 5 is divided by l?
2
Suppose 4*a + 68 = -0*a. Let t = a - -32. What is the remainder when 29 is divided by t?
14
Let k be 20 + (0 - 0/(-2)). Suppose 2*i = -2*i + k. Suppose -3*r + 32 = -4*n, 2*n = i*r - 3*n - 50. Calculate the remainder when 15 is divided by r.
7
Suppose -2*l + l = -5*n + 33, -n - l + 3 = 0. Let p = n + -3. What is the remainder when (-1)/4 - (-33)/4 is divided by p?
2
Suppose 8 = -0*d - d. Let l(z) = -z**3 - z**2 - 4. Let q be l(0). Let r = q - d. Calculate the remainder when 10 is divided by r.
2
Let c = 25 + -4. Suppose -4*f = -2*p + 3*p - 1, -3*p - 4*f + 11 = 0. Suppose 80 = 7*z - p*z. What is the remainder when z is divided by c?
19
Let j be 30/4*16/(-20). Calculate the remainder when 3/12*j*-12 is divided by 10.
8
Suppose 8*f + 270 = 13*f. Calculate the remainder when 160 is divided by f.
52
Let i(l) = -4*l - 9. Calculate the remainder when i(-6) is divided by 4.
3
Let c be (-21)/12 - (-6)/8. Calculate the remainder when (-8 - -7)/(c/5) is divided by 2.
1
Let g(q) = 2*q**2 + 9*q - 5. What is the remainder when 22 is divided by g(-6)?
9
Let o(g) = g**2 - 4*g - 17. What is the remainder when 6 is divided by o(-3)?
2
Suppose -78 = 2*c - 5*c. Let p be ((-3)/6)/(4/48). Let r(f) = f**3 + 7*f**2 + 5*f + 8. Calculate the remainder when c is divided by r(p).
12
Let g(d) = -d**3 + 6*d**2 - 8*d + 5. Let m be g(5). What is the remainder when 20 is divided by (22/(-10))/(2/m)?
9
Let n(g) = g + 47. What is the remainder when 78 is divided by n(-7)?
38
Suppose 4*v = 8, -5*f - 4*v - 29 = -87. Let w = -85 - -122. What is the remainder when w is divided by f?
7
Let t(y) = 7*y - 16*y - 3 - 4. Calculate the remainder when t(-7) is divided by 19.
18
Calculate the remainder when 327/36 - 3/36 is divided by 4.
1
Suppose 7*y + 25 = 2*y, 3*w - 164 = -2*y. What is the remainder when w + 1 - (-4)/(-4) is divided by 15?
13
What is the remainder when 0 + ((-80)/(-4) - 4) is divided by 6?
4
Suppose -2*s - 5*j = 43, 5*j = 3*s + 85 - 8. Let r = 10 - s. Calculate the remainder when r is divided by (-4)/(-6)*(19 + -1).
10
Suppose 6*b - 2*b - 140 = 0. Calculate the remainder when b is divided by 9.
8
Suppose -70 = -4*h - 14. Let b(r) = 6*r**2 + 4. Let l be b(-4). Let x = 154 - l. Calculate the remainder when x is divided by h.
12
Let j(i) = i**3 + 7*i**2 - 8*i + 6. Let w be j(-8). Let g = -14 - -26. What is the remainder when 352/g*w/4 is divided by 15?
14
Let r = 18 - -19. Let n(s) = -5*s - 5. Suppose 2*v = -2*a, -5*a - 3 = 4*v + 2. Calculate the remainder when r is divided by n(a).
17
Suppose -3*n - n - 16 = 0, -4*v - 2*n = -12. Suppose 168 = v*m - 17. What is the remainder when m is divided by 13?
11
Let z(i) = -i**2 + 8*i - 1. Calculate the remainder when 5*(318/10)/3 is divided by z(5).
11
Let r(u) = u**2 - 5*u - 3. What is the remainder when 62 is divided by r(-3)?
20
Let t = 7 + -4. Suppose 2*a - g - 3 - 3 = 0, t*a - 22 = -5*g. Calculate the remainder when 11 is divided by a.
3
Suppose -2*n = -i + 27, -2*i - n = -7*i + 126. Let v = -9 + 42. Suppose -h = -4*y + 41, 0 = -5*h + 8 - v. Calculate the remainder when i is divided by y.
7
Calculate the remainder when -10*((-3)/2 + 0) is divided by 4.
3
Suppose -5*u = 0, -1850 = -a - 4*a + 4*u. Let w = -140 + a. Suppose -4*n - 3*g + 187 = 0, 3*g - w = -10*n + 5*n. What is the remainder when n is divided by 15?
13
Let l = 1 + 4. Calculate the remainder when (255/10*-2)/(-3) is divided by l.
2
What is the remainder when 31 is divided by 1/(-6) - (-134)/12?
9
Let w = -16 + 24. Let r be (w/20)/(2/(-10)). Calculate the remainder when 34 is divided by 39/3 + r/2.
10
Suppose 5*i = 4*i + 9. Let t be (0 - i)*2/(-6). Suppose -5*w = -s - 3*w + 17, t*s - 3*w - 42 = 0. What is the remainder when 43 is divided by s?
10
Let d(p) = -2*p + 2. Let t be d(-7). Suppose m = x + t, -9 = 2*m + x - 44. What is the remainder when 31 is divided by m?
14
Let z be ((-6)/(-15))/((-2)/(-10)). Suppose g + 1 - z = 0. Calculate the remainder when g + 15 - 2/(-1) is divided by 10.
8
What is the remainder when ((-43)/2)/((-6)/12) is divided by 11?
10
Let l(f) = -f**3 - 3*f**2 - 2*f + 1. Suppose 5*x + 1 = -19. Let a be l(x). What is the remainder when a + (-1)/(-1) + -1 is divided by 13?
12
Suppose -3*j - 25 + 214 = 0. Calculate the remainder when j is divided by 22.
19
What is the remainder when 71 is divided by 1/((-17)/18 - -1)?
17
Let r(y) = 2*y - 1. Calculate the remainder when r(6) is divided by 3.
2
Let g = 4 + 57. Suppose 19 = l + 2*t, -2*t = l - 5*t - 24. Calculate the remainder when g is divided by l.
19
Suppose 0 = 2*w + 3*w - 60. Suppose -q = 7*v - 2*v + 256, -3*q + 12 = 0. Let k = v + 86. Calculate the remainder when k is divided by w.
10
Let c(l) = -2*l**2 - 18*l - 7. Calculate the remainder when 82 is divided by c(-6).
24
Let t = 31 - 17. Suppose -2*m + 8 = -m. Calculate the remainder when t is divided by m.
6
Suppose -6 = -3*f + 6. What is the remainder when (-6)/4*20/(-6) is divided by ((-24)/(-15))/f*5?
1
Let k(x) = 14*x - 59. Let a = -5 - -7. Let y = 22 - a. What is the remainder when y is divided by k(5)?
9
Suppose -5*g - 2*p + 5 = -230, 3*g - 4*p = 141. Calculate the remainder when 185 is divided by g.
44
Let b = -7 + 12. What is the remainder when 8 is divided by b?
3
Let y = 44 - 13. What is the remainder when 58 is divided by y?
27
Let w be (-6)/(-1 - (-3)/(-6)). Suppose 0 = -0*s - w*s + 20. Let m = -2 - -9. Calculate the remainder when m is divided by s.
2
Suppose y + 2*y - 12 = 0. Let i = 6 - 8. Calculate the remainder when y is divided by ((-3)/(-2))/(i/(-4)).
1
Let i = 125 - 114. What is the remainder when 19 is divided by i?
8
Let l = 71 - 49. Suppose 0 = 4*v + w + 22, v + 2*w + 1 = -1. Let y = 2 - v. Calculate the remainder when l is divided by y.
6
Calculate the remainder when 19 is divided by 16/(-14)*70/(-20).
3
Let r(h) = h**2 - 14*h + 28. Calculate the remainder when 74 is divided by r(13).
14
Suppose -4*s + 60 = -140. What is the remainder when s is divided by 30?
20
Suppose -4*b + 2 = -2*b. Calculate the remainder when (3/(-6)*-22)/b is divided by (-8)/4*(-4)/2.
3
Let y = -6 - -10. Suppose -5*j = -y*j - 11. Calculate the remainder when j is divided by 6.
5
Let g = -31 + 44. Calculate the remainder when 49 is divided by g.
10
Suppose -40 + 260 = 10*a. Let d = 210 - 125. Calculate the remainder when d is divided by a.
19
Suppose -2*z + 52 = -54. What is the remainder when z is divided by 9?
8
Suppose 6 = 2*x + 2*b - 196, 5*b = -2*x + 193. What is the remainder when x is divided by 31?
11
Suppose 87*h - 90*h + 237 = 0. Calculate the remainder when h is divided by 10.
9
Suppose 139 + 35 = 3*s. Calculate the remainder when s is divided by (10/8)/(5/640*8).
18
Suppose 0 = 4*m - 16, 0 = -j + 5*m - 15 + 16. What is the remainder when 39 is divided by j?
18
Suppose 4*p - 4*g - 112 = 0, -p - 3*p = -g - 109. Calculate the remainder when p is divided by 20.
7
Suppose 0 = 10*n - 7*n - 18. Calculate the remainder when 16 is divided by n/9 - (-114)/18.
2
Let c be 1*(4 - (4 - 2)). Suppose c*d + 0*d - 3*u - 119 = 0, 0 = -3*d + 3*u + 186. What is the remainder when d is divided by 17?
16
Let t be 29/(-3) + 2/3. Let m = t + 33. Calculate the remainder when 71 is divided by m.
23
Suppose -c - 4*c + 100 = 0. Calculate the remainder when (0 + 39 - 0)*1 is divided by c.
19
Let m(q) = 2*q + 4. What is the remainder when 69 is divided by m(5)?
13
Let z(l) = 0*l + 4 + 3*l - 1 - 7*l. Calculate the remainder when z(-14) is divided by 20.
19
Suppose 4*q + 2*i = 58, -4*i - 29 = -4*q + 11. Let s = 31 - q. Calculate the remainder when s is divided by 11.
7
Let p = 0 - -4. Suppose 2*z - p*n - 188 = 0